8)/21 + -65. Let o = h - -67. What is the remainder when j is divided by o?
3
Suppose -1300 + 156 = -4*w. Calculate the remainder when w is divided by ((-1)/4*-82)/(92/184).
40
Calculate the remainder when 4001 is divided by (-1496)/(-52) + 60/260.
28
Suppose -2*f = -f + n - 12, -5*n - 24 = -2*f. Suppose -f*s + 1393 = -971. Calculate the remainder when s is divided by 53.
38
Let p = -11 + 15. Suppose -b + 5 = m + 1, -4*b = -p*m + 16. Suppose 6*l - 24 = -b. What is the remainder when 15 is divided by l?
3
Suppose -2*t + 1118 = 3*m, -5*m - 5*t = -160 - 1705. Suppose -373*g = -m*g - 12. Calculate the remainder when (17 + 1)*5/2 is divided by g.
9
Let f(r) = 154*r - 1744. Calculate the remainder when f(17) is divided by 309.
256
Let b be 3/8 + 1623/24. Suppose p - 89 = -b. Suppose -p*o + 14*o = -210. Calculate the remainder when 86 is divided by o.
26
Suppose -5160 = -4*v - 2*k, 3*v - 34*k - 3843 = -31*k. Calculate the remainder when v is divided by 48.
39
Let o(d) = -d**2 - 65*d + 140. What is the remainder when 160 is divided by o(-67)?
4
Let b = -19477 - -19505. Calculate the remainder when 1647 is divided by b.
23
Let i(y) = -y**2 - 6*y. Let f be i(-4). Suppose 6*x + 214 = f*x. Calculate the remainder when x is divided by 11.
8
Let c = 151 - 87. Suppose 34*s - 10830 = 4*b, -27*s + 28*s - 311 = 2*b. What is the remainder when s is divided by c?
63
Suppose 969 = 32*s - 55. Suppose -24*p - s = -26*p. Calculate the remainder when 26 is divided by p.
10
Let z = -21 + 20. Let d be (-14)/(1 - 2) + z. Let b = 24 - d. What is the remainder when b is divided by 5?
1
Let r(n) = 12*n - 27*n + 14*n - 2. Let u be r(-5). Suppose -126 = -4*l - u*l. What is the remainder when 68 is divided by l?
14
Let g = -463 - -465. Let v be (-254)/(-10) + (-9)/(-15). Suppose 0 = 3*o + g*o - t - 65, 3*o + 2*t = v. What is the remainder when 46 is divided by o?
10
Suppose -4481*f + 4419*f = -1798. What is the remainder when 1983 is divided by f?
11
Suppose -33*l = -16*l - 13855. Let a = l - 572. What is the remainder when a is divided by 35?
33
Let z(h) = h**2 - 17*h. Let p be z(7). Calculate the remainder when 4 + (3 - (-59 - 0)) + 0 is divided by p/(-3) + (-2)/6.
20
Suppose 3*x = -4*y + 141 + 274, 3*x = -y + 394. Calculate the remainder when x is divided by 71.
58
Suppose 4*i = 5*b + 70, -3*i - 2*b = 2*b - 37. Suppose -4*s = 5*u - 21, 0 = -5*u + 5. Suppose 0*x = s*x - 176. Calculate the remainder when x is divided by i.
14
Let l = -386 - -410. Calculate the remainder when 190 is divided by l.
22
Suppose 22*z + 5*z = 135. Suppose 4*h = 8, z*b + 3*h - 4177 + 1356 = 0. Calculate the remainder when b is divided by 81.
77
Suppose 368*j + 13 = 369*j + 2*z, 4*j - 4*z = 136. What is the remainder when 1187 is divided by j?
26
Suppose -81 = 144*j - 147*j. Suppose x + l + l = -9, 0 = 3*x + 5*l + 22. Let t = 11 - x. Calculate the remainder when j is divided by t.
7
Let u(g) = 192*g**2 + 18*g - 20. Calculate the remainder when u(1) is divided by (2 + 80/(-7))*-7.
58
Suppose 4*f - 7 = n + f, -2*n - 5*f + 30 = 0. Suppose 0 = n*g + 3*w - 422, 158 = 5*g + 5*w - 272. What is the remainder when g is divided by 29?
24
Let q be 3 + (-1)/(6 - 5). Let r(h) = -h**2 - 18*h - 7. Calculate the remainder when r(-7) is divided by (q - 48/20)*-60.
22
Let c be 476 - -4*2/8. Let b = -449 + c. What is the remainder when 221 is divided by b?
25
Suppose 204*s + 12 = 207*s. Suppose 0 = -2*w - 4*l + 548, 4*w - s*l = -6*l + 1066. Calculate the remainder when w is divided by 53.
52
Suppose -5*b + 1305 = -795. Let v = b + -408. Suppose z + 0 - 4 = 0. Calculate the remainder when v is divided by z.
0
Let v be (2 + (-4)/5)*5. Suppose 325 = v*o - 491. What is the remainder when o is divided by 69?
67
Suppose 2*a = 4*z - 5*z + 72, -4*z = a - 295. Suppose 77*d + z = 79*d. Let p(w) = 2*w**2 - 3*w + 18. What is the remainder when p(-6) is divided by d?
34
Suppose 2720 = 5*f - 3*g, -f - 92*g + 531 = -90*g. Calculate the remainder when f is divided by 32.
29
Let p = 66 + -64. Let x(s) = -2*s**2 + s + 1. Let n be x(p). What is the remainder when (-6 + 4)*1*(n - 42) is divided by 14?
10
Let l(g) = 24*g**2 + 17*g - 22. Calculate the remainder when l(3) is divided by 64.
53
Suppose 127*q + 300 = 142*q. What is the remainder when 1817 is divided by q?
17
Let j = 1646 - 1612. Let w(c) = 103*c - 7. Calculate the remainder when w(5) is divided by j.
32
Suppose j = -j - i - 145, -2*i + 10 = 0. Let r be (j + (1 - -1))/(-15 - -14). Suppose 9*q - 26 - r = 0. What is the remainder when 26 is divided by q?
4
Suppose 5*d - 5 - 15 = 0. Suppose 15 - 101 = -2*p - 4*c, 146 = d*p - 5*c. Let j = p - 22. Calculate the remainder when j is divided by 11.
6
Let q(h) be the first derivative of -11*h**2/2 - 47*h + 96. Calculate the remainder when q(-6) is divided by 14.
5
Suppose 95 = -13*u + 95. Suppose u = -39*b + 31*b + 208. Suppose -5*j + 45 = -0*j. Calculate the remainder when b is divided by j.
8
Let b(u) = -u**3 + 6*u**2 + u + 16. What is the remainder when 894 is divided by b(0)?
14
Suppose 3*g + 26 = 5*a + 66, -10 = -g + a. Suppose 22*p - 4*r + 2*r - 176 = 0, 0 = 2*p + 5*r - 16. What is the remainder when p is divided by g?
3
Suppose 0 = -3*l + 4*h + 360 - 118, 0 = 5*l - 2*h - 394. What is the remainder when 93 is divided by l?
15
Calculate the remainder when 9357 is divided by (2/2 + -2)/((-1435)/33005).
19
Let a = -6106 + 13199. Calculate the remainder when a is divided by 129.
127
Let w(r) = 2*r**2 + 2*r - 1. Let j(k) = k**2 + 18*k - 4. Let t be j(-19). Suppose t*p = 11*p + 28. What is the remainder when w(-3) is divided by p?
4
Suppose 5*u = -4*p + 762, 4*p - p + 2*u - 575 = 0. Let r = -104 + p. Let b(f) = 2*f**2 - 29*f + 15. What is the remainder when r is divided by b(15)?
29
Suppose 4*x - 59 - 17 = -4*b, 3*x = 2*b + 42. Suppose x*f = -363 + 1243. Calculate the remainder when f is divided by 28.
27
Suppose -59*t + 585 = -330 - 619. What is the remainder when 10061 is divided by t?
25
Let v = -54 - -54. Suppose v = 2*t - 4*l - 496, -3*t + 776 = -l + 3*l. Let o = -118 + t. Calculate the remainder when o is divided by 35.
33
What is the remainder when (400/16)/((-2)/(-4)) is divided by (-4)/(16/(-45)) - (-112)/(-448)?
6
Let n = 6163 + -3070. What is the remainder when n is divided by 7?
6
Let c(p) = 2*p**2 + 21*p + 17. Let q be (-5 - (-17)/3)/(3/180). Suppose 6*n - q = 10*n. What is the remainder when 20 is divided by c(n)?
6
Let x = 32862 - 31007. What is the remainder when x is divided by 76?
31
What is the remainder when 1765 is divided by 3003/12 - 0 - 117/468?
15
Let y = 4084 + -3735. Calculate the remainder when y is divided by 113.
10
Suppose -73*c = 54*c - 68580. What is the remainder when c is divided by 138?
126
Suppose 0 = -2*z + 4*x - 16, -2*z = -0*z + x - 9. Suppose -20 = z*w - 80. Let y = w + 33. What is the remainder when y is divided by 11?
8
Let d = -173 - -179. Suppose 0 = 5*k - 2*r - 31, -4*k = d*r - 5*r - 30. Let f(q) = 6*q + 1. What is the remainder when f(4) is divided by k?
4
Let k = 18054 + -18034. What is the remainder when 136 is divided by k?
16
Suppose 5*z = -3*g + 1, -z = 66 - 65. Suppose -x = -g*o - 47, 8*o = 4*o + 20. Calculate the remainder when x is divided by 29.
28
Suppose 0*y - 4*y + 124 = 0. Suppose 5*n + 4*c - 1310 = 0, -3*n + 4*c - 6*c + 788 = 0. Let u = 386 - n. What is the remainder when u is divided by y?
27
What is the remainder when 4744/6 - (-15)/(630/(-28)) is divided by 52?
10
Let l = -7878 + 7899. What is the remainder when l is divided by 1?
0
Let m(r) = -306*r + 30. Let d(z) = 61*z - 6. Let q(t) = 24*d(t) + 5*m(t). Let c = -129 + 128. What is the remainder when q(c) is divided by 25?
22
Let t = -2010 - -2015. Calculate the remainder when 1673 is divided by t.
3
Let b = -6933 - -7054. What is the remainder when 608 is divided by b?
3
Let w(r) = 3*r**2 - 8*r + 12. Let m be 6*1 + -6 + 6/2. Calculate the remainder when 194 is divided by w(m).
14
Suppose v - 47 = 2*f + 132, -5*v + 832 = -f. Calculate the remainder when 1145 is divided by v.
155
What is the remainder when 1078 is divided by 628/20 - (3 + 2 + 224/(-40))?
22
Let b = 4570 + 2481. Calculate the remainder when b is divided by 172.
171
Suppose 70*q - 69 = 69*q. Suppose 0 = 26*p - 6*p - 880. What is the remainder when q is div